factor of w and v.
15
Suppose 0 = 5*z + 10, 0 = -2*m + 2*z - 0*z + 10. Let q be (m/1 - 1) + 31. What is the greatest common divisor of 3 and q?
3
Let i(f) = -f - 4. Let u be i(-7). Suppose -2*d + u = d. What is the greatest common factor of 7 and d?
1
Suppose r - 2*c + 5 - 8 = 0, 4*c = 0. Let m = 29 + -8. What is the highest common factor of m and r?
3
Let r be ((-6)/(-8))/(2/8). Let b be (-96)/10*(-50)/r. Suppose l - 20 = -0*l. What is the highest common factor of b and l?
20
Let o be 40/6*(-36)/(-30). What is the highest common factor of 2 and o?
2
Let p(w) = w**3 + w + 40. Suppose 0 = m - 4*m. Let i be p(m). Calculate the greatest common factor of i and 10.
10
Let x(a) = -a**3 + 6*a**2 + a - 2. Let j be x(6). Suppose -t - 6 = -j*t. Suppose m = 4 + t. Calculate the highest common divisor of 12 and m.
6
Suppose 0 = 4*s + 6 - 50. Suppose -2*g = -2*r - 96, -g - 5*r + 0 + 24 = 0. Calculate the greatest common factor of g and s.
11
Let c(n) = -n**3 - 16*n**2 - 18*n + 9. Let f be c(-15). What is the greatest common factor of 18 and f?
18
Let a be (-3 + 4)*(-4 - -9). Calculate the greatest common factor of 5 and a.
5
Let h be 24*((-11)/(-4) - (-4 - -6)). What is the highest common divisor of 2 and h?
2
Let v be (-1)/(-4) - 62/(-8). Let a(d) = 20*d + 4. Let r be a(3). What is the greatest common divisor of v and r?
8
Let y be (3/2)/(2/196). Let l = -98 + y. Let t be (-2 + 5)*7/3. Calculate the highest common divisor of l and t.
7
Let b be ((-6)/(-4))/((-3)/6). Let g be 9 - 2/((-2)/b). What is the greatest common divisor of 3 and g?
3
Suppose d + 2 = -4*g + 16, -g = 4*d - 86. Let c be 3/2 + (-165)/d. Let n = c + 10. What is the greatest common factor of 4 and n?
4
Suppose -c = -38 - 27. Suppose 3*n + 3*d = -n + 289, 3*n + 5*d - 214 = 0. Suppose -n = -5*x - 8. Calculate the highest common divisor of c and x.
13
Let c = 81 + -57. Suppose 4 = p - 4. Calculate the highest common factor of p and c.
8
Let u(a) = 9*a. Let z be u(-2). Let b = -7 - z. What is the highest common factor of 44 and b?
11
Let h = 1 + 79. What is the highest common divisor of 200 and h?
40
Let w = 311 - 61. Suppose -5*s + 4*h = -15 - w, -2*s + 5*h + 123 = 0. Calculate the highest common factor of s and 7.
7
Let r(q) = -q**2 - 6*q - 3. Let o be r(-5). Let k be (2/4)/(o/20). Suppose -5*x = -3*z - 46 - 69, -3*z = 15. Calculate the greatest common factor of x and k.
5
Let c = 6 - 4. Suppose -52 = -c*y + 28. Let s(u) = 8*u. Let l be s(1). Calculate the highest common divisor of y and l.
8
Suppose 3*d + 4*r = 69, d - 5*r + 3*r = 33. What is the greatest common factor of d and 216?
27
Let n = 11 - 8. Let l = 0 + n. Suppose -2*a = l*a - 420. What is the highest common divisor of 12 and a?
12
Let g(i) = -i**2 - 3*i + 4. Let j be g(-5). Let o be (-2)/(-6) - 808/j. Let w = -20 + 35. Calculate the greatest common factor of w and o.
15
Suppose 2*q - 5*g + 21 = -0*g, 2*g - 12 = -q. Calculate the greatest common divisor of 56 and q.
2
Suppose 2*u = 2*h + 8, h + 5*u = -10 - 6. Let x be h*(0 + 2/(-4)). Let p = -82 - -115. Calculate the highest common divisor of x and p.
3
Let v be (15/(-4))/(4/(-16)). What is the highest common factor of v and 120?
15
Let a(t) = 71*t - 5. Let g(b) = b + 1. Let w(z) = -a(z) - 4*g(z). Let u be w(-1). Calculate the highest common factor of u and 19.
19
Let t(l) = -l**2 + 7*l + 33. Let h be t(9). What is the highest common divisor of 105 and h?
15
Let o(y) = 2*y**2 - 9*y - 6. Let m be o(8). Let w be m/15 - 4/(-6). Calculate the greatest common factor of w and 32.
4
Let u(c) = -c**3 - 14*c**2 - c - 12. Let k be u(-14). What is the highest common divisor of k and 2?
2
Suppose 37 = 3*b + 229. Let l be b/(-3)*6/4. Let a = -8 + l. Calculate the highest common divisor of 8 and a.
8
Let o = 6 + -6. Let n be (4 - o/1)*2. What is the greatest common factor of 56 and n?
8
Suppose 5*s = -4*t + 76, 0 = -7*s + 3*s + 16. What is the highest common divisor of 140 and t?
14
Let i = 62 - 53. Suppose -2*g - 5*y + 4*y + 106 = 0, 2*y = 3*g - 166. Calculate the highest common divisor of g and i.
9
Suppose p - 1 = -0*p. Calculate the highest common factor of p and 7.
1
Let w be (-2)/(-13) + (-1348)/(-26). Calculate the highest common factor of 130 and w.
26
Let n be ((-13)/(-2))/(7/(-14)). Let c = 21 + n. Calculate the highest common factor of 16 and c.
8
Suppose 4*n - 12 = -4. Suppose -2*w = -4*z + n*z - 50, 3*w = z + 85. Calculate the greatest common divisor of w and 20.
10
Suppose 6*p - 280 = 2*p. Calculate the highest common divisor of p and 14.
14
Let j(f) = f**3 + 7*f**2 + 3. Let q be j(-7). Suppose -q + 179 = 4*p. What is the highest common divisor of p and 110?
22
Suppose -16*x + 285 = -1251. Calculate the greatest common factor of x and 72.
24
Let b(p) = -p**2 - 8*p - 9. Let j be b(-6). Calculate the greatest common divisor of j and 9.
3
Let w = 70 - 56. Calculate the greatest common factor of 112 and w.
14
Suppose -69 = 3*s - 9. Let h be 72/3*(-15)/s. What is the greatest common divisor of h and 18?
18
Let f = 63 + -57. Calculate the greatest common factor of 30 and f.
6
Let i(d) = -d**2 - 9*d - 14. Let v be i(-5). What is the highest common divisor of v and 12?
6
Suppose 2*j - 256 = 24. Let l(q) = -3*q - 21. Let b be l(-9). Let n(c) = c**3 - 5*c**2 - 3*c + 2. Let x be n(b). What is the highest common factor of j and x?
20
Suppose 5*p + 0 = -5. Let v = p + 10. What is the greatest common divisor of v and 1?
1
Let o(q) = q**2 + 2*q + 2. Let h be o(4). What is the highest common divisor of h and 26?
26
Let n = 19 - 10. Calculate the highest common divisor of 81 and n.
9
Let q be 0/2 + -1 + 12. What is the highest common factor of 77 and q?
11
Let w = 1091 + -474. Suppose -2*u = -3*h + 366, 5*h + 0*u - w = u. Let f = h - 36. Calculate the highest common divisor of f and 11.
11
Let k(t) be the first derivative of 7*t**3/3 + t**2/2 - t + 8. Let u be k(3). What is the highest common factor of u and 13?
13
Let l = -21 - -51. What is the greatest common factor of 15 and l?
15
Let v(u) be the first derivative of 2*u**3/3 + 7*u + 8. Let d be v(0). Calculate the greatest common divisor of 28 and d.
7
Suppose -5*p + 72 = -8. Let m = 2 - 4. Let z be 16/((-6)/3)*m. What is the highest common factor of p and z?
16
Let g(k) be the first derivative of k**4/4 - 5*k**3/3 + 3*k**2 - 2*k - 1. Let y be g(4). Suppose -2*o + y = -0. What is the highest common divisor of o and 24?
3
Let u(n) = -10*n + 23. Let r be u(-23). What is the highest common factor of r and 23?
23
Let f be (3 + 0)/((-6)/(-4)). Let s(j) = j + 6. Let k be s(0). What is the highest common factor of k and f?
2
Suppose -s = b - 4*s + 7, -2*b + 16 = 4*s. Calculate the greatest common divisor of 8 and b.
2
Suppose 0 = -0*y + y - 45. What is the greatest common divisor of y and 18?
9
Let q = 3 - 0. Let f be (q/(-2))/(1/(-12)). What is the greatest common divisor of f and 12?
6
Let m(g) = -4*g - 24. Let q be m(-8). What is the highest common divisor of q and 8?
8
Let l be (2 + -3)/((-1)/25). Suppose -5*y + 3*p + l = -y, 3*p = -4*y + 7. Let o be 1*62 + (y - 6). What is the greatest common factor of o and 20?
20
Let i = 41 - 22. Suppose p = -i + 45. What is the highest common divisor of 65 and p?
13
Let b = -12 - -16. Calculate the greatest common factor of b and 36.
4
Suppose 5*p = -y + 2*p + 5, 3*p - 3 = 0. Suppose -47 + 15 = -16*i. Calculate the highest common factor of y and i.
2
Suppose 13*g = 4*g + 36. What is the greatest common divisor of 2 and g?
2
Let t(g) = 2*g**3 - 10*g + 10. Let d be t(3). Calculate the highest common divisor of 136 and d.
34
Let h(u) = 127*u**2 + 2*u - 6. Let s be h(2). Calculate the greatest common divisor of 46 and s.
46
Suppose -4*b - 3*g + 4*g + 25 = 0, -4*g + 47 = 5*b. Calculate the greatest common factor of b and 49.
7
Let i(g) = -1 - g**3 - 4 + 6*g**2 + 0 - g. Let n(d) = 6*d**3 - 2*d**2 + 2*d - 1. Let f be n(1). Let r be i(f). What is the greatest common factor of 105 and r?
15
Let s(h) = 5*h**2 - 3*h - 19. Let y(m) = 14*m**2 - 8*m - 57. Let n(q) = 11*s(q) - 4*y(q). Let o be n(0). Calculate the greatest common divisor of o and 76.
19
Let n = 9 - 7. Let j be -4 + 11*(-6)/(-3). Calculate the highest common divisor of j and n.
2
Let y(f) = 3*f**2 - 4*f + 2. Let o be y(2). Suppose 0 = 3*s - o + 3. Calcul